9d6 (base 14) to base 2
1110100010000
-2231313003 (base 4) to base 10
-712131
2221144134 (base 5) to base 2
10010100011111000001000
What is -111010101011010001 (base 2) in base 15?
-4b327
13003100312 (base 4) to base 5
433121444
-142122243 (base 5) to base 11
-465305
Convert 1212220111001 (base 3) to base 6.
33250514
-133ee (base 16) to base 6
-1404542
-10100200000 (base 3) to base 13
-24114
Convert 122334512 (base 6) to base 3.
11102221202222
Convert -2d8ee (base 15) to base 4.
-203323031
-133a0a (base 12) to base 5
-40131144
Convert 350174 (base 10) to base 5.
42201144
Convert -160450 (base 7) to base 10.
-31444
377052 (base 10) to base 6
12025340
What is -14245353 (base 6) in base 5?
-111113032
Convert -13261112 (base 8) to base 15.
-3db407
2c9779 (base 16) to base 2
1011001001011101111001
-103130113320 (base 4) to base 7
-61215630
What is 1010111100101010110011 (base 2) in base 12?
b64a17
-131216 (base 10) to base 8
-400220
Convert -43288 (base 12) to base 15.
-1b365
Convert 6185294 (base 11) to base 16.
a68af1
-132313212303 (base 4) to base 8
-36674663
Convert -3498321 (base 10) to base 6.
-202551533
2675345 (base 9) to base 10
1467032
What is -14260410 (base 7) in base 4?
-11013232122
Convert -14c8bd (base 14) to base 15.
-e5251
45b99 (base 16) to base 6
10042105
Convert -21fdf (base 16) to base 9.
-231881
Convert -285991a (base 11) to base 13.
-1032572
Convert -d6c662 (base 14) to base 15.
-98509d
Convert -100220112121 (base 3) to base 5.
-22220122
-d29d5 (base 14) to base 15
-a029c
-23124a (base 11) to base 14
-97dac
What is -5938834 (base 10) in base 8?
-26517222
10605201 (base 10) to base 5
10203331301
Convert 51134 (base 12) to base 9.
170754
What is 110635 (base 12) in base 3?
111202000112
Convert -11be3 (base 15) to base 8.
-156560
What is -139785 (base 11) in base 16?
-35325
What is -1ae6b (base 15) in base 12?
-42862
5c845 (base 14) to base 11
145304
20929a (base 11) to base 9
558671
Convert -21111132302 (base 4) to base 6.
-124242002
32a25a0 (base 11) to base 3
101212222200111
What is 11101210121 (base 3) in base 2?
10101001001001101
-98495 (base 10) to base 14
-27c75
1100120101010 (base 3) to base 12
2a8670
Convert 29374 (base 12) to base 11.
3a263
161110416 (base 7) to base 4
221113033311
Convert -2255406 (base 7) to base 10.
-282834
202021221012 (base 3) to base 2
1100001100001010011
What is 1000001221020 (base 3) in base 4?
2002011303
Convert 17164320 (base 9) to base 15.
b4e7d3
What is -5801486 (base 9) in base 12?
-106b920
Convert 240624 (base 8) to base 3.
11011221001
What is -5342540 (base 7) in base 10?
-649229
What is -311542341 (base 6) in base 13?
-1175632
-c3538 (base 16) to base 10
-800056
1eeba0 (base 16) to base 6
111233252
Convert -11406226 (base 7) to base 2.
-11110110101110100100
-103915 (base 11) to base 15
-34369
What is -c702e (base 15) in base 14?
-126037
What is 10111011011000011101011 (base 2) in base 12?
20813a3
What is 23300330033 (base 4) in base 15?
40dbd2
Convert 24016122 (base 7) to base 4.
20012013132
-4b8061 (base 12) to base 9
-2285251
3012311123 (base 4) to base 12
33338b
What is 43b1b (base 13) in base 15?
26563
-2455871 (base 12) to base 16
-6c0b95
What is -1011011110110100 (base 2) in base 10?
-47028
Convert -112020010211112 (base 3) to base 15.
-9e54b2
-1222553042 (base 6) to base 12
-4898782
What is 1462d (base 14) in base 4?
30112301
-213044034 (base 6) to base 8
-16340766
-36b879 (base 13) to base 10
-1310864
-35ab2d (base 14) to base 16
-1c00b5
What is 54213535 (base 6) in base 10?
1604003
What is -2222250 (base 7) in base 8?
-1030145
-56576 (base 9) to base 16
-9315
342427 (base 8) to base 11
7a167
What is -13c54 (base 15) in base 4?
-33200221
What is ab6e (base 16) in base 14?
11dca
-3213564 (base 7) to base 3
-201211100220
What is 641840 (base 12) in base 4?
12001131300
Convert 824ed (base 15) to base 12.
17ab21
3365032 (base 7) to base 3
210022110111
Convert -1113102 (base 5) to base 12.
-b541
Convert -145441545 (base 6) to base 4.
-23231112221
-215093 (base 12) to base 14
-da179
-3032403 (base 5) to base 11
-3398a
Convert 32939 (base 14) to base 11.
84090
Convert -101010100100111111000 (base 2) to base 4.
-11110213320
Convert 4562060 (base 7) to base 6.
20113445
4430 (base 12) to base 3
101022200
What is -1717c0 (base 15) in base 8?
-4211240
231240223 (base 5) to base 2
11111101111010111111
Convert -5202335 (base 7) to base 15.
-c4798
Convert -21330404 (base 6) to base 3.
-1012012112111
Convert -4104235 (base 6) to base 2.
-101111101100011111
What is -57d0a6 (base 16) in base 6?
-323203422
Convert -4285518 (base 10) to base 16.
-41644e
What is 115766 (base 11) in base 6?
3532242
Convert -860615 (base 11) to base 7.
-14463365
1e29c1 (base 15) to base 11
919831
-10300033220 (base 4) to base 10
-1246184
Convert 1301102111 (base 4) to base 14.
c1165
Convert -ea013 (base 15) to base 16.
-b5476
Convert -1a979 (base 16) to base 13.
-3a767
What is 573894 (base 11) in base 14?
19a926
What is 11421241 (base 5) in base 8?
322260
Convert 96645b (base 12) to base 16.
243d07
Convert 10630157 (base 9) to base 13.
10b7435
What is -8ca7 (base 16) in base 12?
-18a07
What is -24b995 (base 14) in base 8?
-4637517
What is 7565 (base 11) in base 2?
10011100001001
Convert -12703662 (base 9) to base 13.
-13b32a5
What is -1001000012022 (base 3) in base 2?
-10000110100101100011
1664701 (base 10) to base 16
1966bd
-11225 (base 13) to base 8
-74627
Convert bbb56 (base 13) to base 8.
1230454
Convert 54452532 (base 6) to base 10.
1624520
Convert -145712 (base 9) to base 6.
-1530232
What is -a0698 (base 12) in base 15?
-41ae5
What is 1121040440 (base 5) in base 16?
266ce5
Convert -133223332 (base 4) to base 9.
-217031
427737 (base 8) to base 3
21021121102
Convert 16885a7 (base 13) to base 8.
33664755
-757254 (base 8) to base 2
-111101111010101100
252054a (base 11) to base 10
4378318
What is 354515 (base 6) in base 10?
30863
What is 38246 (base 14) in base 16?
219b6
What is 10112332 (base 5) in base 2?
10100000100101001
Convert 11311232111 (base 4) to base 13.
4179aa
Convert 83432 (base 9) to base 3.
2210111002
What is 434215 (base 6) in base 15?
a9ae
9643a7 (base 11) to base 6
53024005
What is -1376106 (base 9) in base 15?
-eed36
What is -1b10a3 (base 12) in base 3?
-220022202120
What is 2a4463 (base 12) in base 13?
1bc465
Convert 1001276 (base 8) to base 15.
52d31
What is 4895256 (base 11) in base 15?
b32739
Convert 6486271 (base 9) to base 8.
15220512
What is -1112120101 (base 5) in base 10?
-2457526
-7473551 (base 10) to base 3
-112001200210012
What is -13221017 (base 8) in base 9?
-5507347
Convert -26957 (base 12) to base 11.
-36a77
-201200002212 (base 3) to base 15
-79abb
What is 7a2187 (base 12) in base 11?
1114262
What is -102332103 (base 4) in base 7?
-442401
What is 36150 (base 11) in base 14?
14da5
24540502 (base 8) to base 10
5423426
3d9191 (base 16) to base 5
2013104321
Convert 220445 (base 9) to base 10.
131585
Convert -1044973 (base 14) to base 4.
-131112322221
What is c1e23 (base 15) in base 3?
1011012022220
Convert 98134 (base 13) to base 15.
56677
What is -100101000011000001 (base 2) in base 8?
-450301
What is b304d (base 16) in base 9?
1336754
2647170 (base 9) to base 6
51014443
-631532 (base 10) to base 2
-10011010001011101100
What is 1346226 (base 8) in base 16?
5cc96
20230002300 (base 4) to base 8
10540260
Convert -110011001000100100100100 (base 2) to base 11.
-7625a66
What is 110111000111001100 (base 2) in base 4?
313013030
What is -205b8 (base 14) in base 13?
-29650
Convert 1629929 (base 10) to base 6.
54533545
Convert 22885a (base 12) to base 9.
1034167
What is -101101100111001000010 (base 2) in base 7?
-15463263
-19c4d (base 15) to base 5
-10140043
Convert 82331 (base 12) to base 4.
221131111
Convert -12124440104 (base 5) to base 7.
-232342054
-4453334 (base 6) to base 14
-5bdc6
-30476b (base 14) to base 5
-404012130
What is 101100000100010011010 (base 2) in base 15?
1d7cb4
-12a3a (base 15) to base 7
-335665
Convert -72521 (base 10) to base 13.
-27017
Convert -94059 (base 10) to base 12.
-46523
What is 595023 (base 10) in base 7?
5025522
Convert 217237 (base 10) to base 13.
77b57
-120255422 (base 6) to base 8
-10503346
-14154 (base 13) to base 15
-b20c
-322582 (base 12) to base 5
-